{"id":2997,"date":"2019-01-07T14:45:59","date_gmt":"2019-01-07T13:45:59","guid":{"rendered":"https:\/\/papetiatreperenda.cz\/?page_id=2997"},"modified":"2024-09-19T11:40:55","modified_gmt":"2024-09-19T09:40:55","slug":"kontakt","status":"publish","type":"page","link":"https:\/\/papetiatreperenda.cz\/?page_id=2997","title":{"rendered":"Kontakt"},"content":{"rendered":"<div class=\"wpb-content-wrapper\">[vc_row][vc_column width=&#8220;1\/2&#8243;][vc_column_text css=&#8220;&#8220;]<strong>Mgr. Veronika Trefn\u00e1<\/strong><\/p>\n<p><strong><span style=\"color: #da4972;\">Tel: <span style=\"color: #000000;\"><b>+<\/b><\/span><span style=\"color: #000000;\">420<\/span> <\/span>731 497 775<br \/>\n<span style=\"color: #da4972;\">Mail: <\/span><a href=\"mailto:veronika@papetiatreperenda.cz\">veronika@papetiatreperenda.cz<\/a><\/strong>[\/vc_column_text][vc_column_text css=&#8220;&#8220;]\n<hr \/>\n<p><strong><span style=\"color: #000000;\"><span style=\"color: #993300;\"><span style=\"color: #da4972;\">I\u010cO: <\/span><\/span><\/span>21833427<\/strong><br \/>\n<strong><span style=\"color: #000000;\"><span style=\"color: #993300;\"><span style=\"color: #da4972;\">Bankovn\u00ed spojen\u00ed: <\/span><\/span><\/span>344 195 358\/0300<\/strong><br \/>\n<strong><span style=\"color: #000000;\"><span style=\"color: #993300;\"><span style=\"color: #da4972;\">IBAN:<\/span><\/span><\/span>\u00a0CZ17 0300 0000 0003 4419 5358<\/strong><br \/>\n<strong><span style=\"color: #000000;\"><span style=\"color: #993300;\"><span style=\"color: #da4972;\">BIC: <\/span><\/span><\/span>CEKOCZPP<\/strong>[\/vc_column_text][vc_column_text css=&#8220;&#8220;]\n<h4><\/h4>\n<hr \/>\n<p><span style=\"color: #000000;\"><strong><span style=\"color: #993300;\"><span style=\"color: #da4972;\">Youtube:<\/span> <a href=\"https:\/\/www.youtube.com\/@papetiatreperenda\">www.youtube.com\/@papetiatreperenda<\/a><br \/>\n<\/span><\/strong><\/span><span style=\"color: #000000;\"><strong><span style=\"color: #993300;\"><span style=\"color: #da4972;\">Facebook:<\/span> <a href=\"https:\/\/www.facebook.com\/PapetiaTreperenda\/\">www.facebook.com\/PapetiaTreperenda<\/a><br \/>\n<\/span><\/strong><\/span><span style=\"color: #000000;\"><strong><span style=\"color: #993300;\"><span style=\"color: #da4972;\">Instagram:<\/span> <a href=\"https:\/\/www.instagram.com\/papetiatreperenda\">www.instagram.com\/papetiatreperenda<\/a><\/span><\/strong><\/span>[\/vc_column_text][\/vc_column][vc_column width=&#8220;1\/2&#8243;][vc_single_image image=&#8220;3933&#8243; img_size=&#8220;350&#215;350&#8243; alignment=&#8220;center&#8220; style=&#8220;vc_box_outline_circle&#8220; css=&#8220;&#8220;][\/vc_column][\/vc_row]\n<\/div>","protected":false},"excerpt":{"rendered":"<p>[vc_row][vc_column width=&#8220;1\/2&#8243;][vc_column_text css=&#8220;&#8220;]Mgr. Veronika Trefn\u00e1 Tel: +420 731 497 775 Mail: veronika@papetiatreperenda.cz[\/vc_column_text][vc_column_text css=&#8220;&#8220;] I\u010cO: 21833427 Bankovn\u00ed spojen\u00ed: 344 195 358\/0300 IBAN:\u00a0CZ17 0300 0000 0003 4419 5358 BIC: CEKOCZPP[\/vc_column_text][vc_column_text css=&#8220;&#8220;] Youtube: www.youtube.com\/@papetiatreperenda Facebook: www.facebook.com\/PapetiaTreperenda Instagram: www.instagram.com\/papetiatreperenda[\/vc_column_text][\/vc_column][vc_column width=&#8220;1\/2&#8243;][vc_single_image image=&#8220;3933&#8243; img_size=&#8220;350&#215;350&#8243; alignment=&#8220;center&#8220; style=&#8220;vc_box_outline_circle&#8220;&#8230;<\/p>\n","protected":false},"author":2,"featured_media":0,"parent":0,"menu_order":0,"comment_status":"closed","ping_status":"closed","template":"","meta":{"_exactmetrics_skip_tracking":false,"_exactmetrics_sitenote_active":false,"_exactmetrics_sitenote_note":"","_exactmetrics_sitenote_category":0,"footnotes":""},"class_list":["post-2997","page","type-page","status-publish","hentry"],"_links":{"self":[{"href":"https:\/\/papetiatreperenda.cz\/index.php?rest_route=\/wp\/v2\/pages\/2997","targetHints":{"allow":["GET"]}}],"collection":[{"href":"https:\/\/papetiatreperenda.cz\/index.php?rest_route=\/wp\/v2\/pages"}],"about":[{"href":"https:\/\/papetiatreperenda.cz\/index.php?rest_route=\/wp\/v2\/types\/page"}],"author":[{"embeddable":true,"href":"https:\/\/papetiatreperenda.cz\/index.php?rest_route=\/wp\/v2\/users\/2"}],"replies":[{"embeddable":true,"href":"https:\/\/papetiatreperenda.cz\/index.php?rest_route=%2Fwp%2Fv2%2Fcomments&post=2997"}],"version-history":[{"count":86,"href":"https:\/\/papetiatreperenda.cz\/index.php?rest_route=\/wp\/v2\/pages\/2997\/revisions"}],"predecessor-version":[{"id":4078,"href":"https:\/\/papetiatreperenda.cz\/index.php?rest_route=\/wp\/v2\/pages\/2997\/revisions\/4078"}],"wp:attachment":[{"href":"https:\/\/papetiatreperenda.cz\/index.php?rest_route=%2Fwp%2Fv2%2Fmedia&parent=2997"}],"curies":[{"name":"wp","href":"https:\/\/api.w.org\/{rel}","templated":true}]}}