{"id":4095,"date":"2024-09-19T13:19:14","date_gmt":"2024-09-19T11:19:14","guid":{"rendered":"https:\/\/papetiatreperenda.cz\/?page_id=4095"},"modified":"2024-09-20T17:00:51","modified_gmt":"2024-09-20T15:00:51","slug":"norbert-heller","status":"publish","type":"page","link":"https:\/\/papetiatreperenda.cz\/?page_id=4095","title":{"rendered":"Norbert Heller"},"content":{"rendered":"<div class=\"wpb-content-wrapper\">[vc_row][vc_column width=&#8220;2\/3&#8243;][vc_column_text css=&#8220;&#8220;]\n<h6><strong><span style=\"color: #000000;\"><span style=\"color: #db2c75;\">Norbert Heller<\/span> vystudoval konzervato\u0159 v Ostrav\u011b a n\u00e1sledn\u011b Akademii m\u00fazick\u00fdch um\u011bn\u00ed v Praze. V pr\u016fb\u011bhu studi\u00ed absolvoval \u010detn\u00e1 vystoupen\u00ed, nat\u00e1\u010del pro rozhlas a televizi, \u00fa\u010dastnil se klav\u00edrn\u00edch sout\u011b\u017e\u00ed a zv\u00edt\u011bzil nap\u0159. v Mezin\u00e1rodn\u00ed klav\u00edrn\u00ed sout\u011b\u017ei Ludwiga van Beethovena.<\/span><\/strong><\/h6>\n<div>\n<h6><strong><span style=\"color: #000000;\">V pr\u016fb\u011bhu sv\u00e9 kari\u00e9ry koncertuje v mnoha zem\u00edch Evropy, ale tak\u00e9 v USA, Kanad\u011b nebo Japonsku. Krom\u011b recit\u00e1l\u016f se pravideln\u011b v\u011bnuje komorn\u00ed hudb\u011b, hlavn\u011b jako partner houslist\u016f a p\u011bvc\u016f. Nahr\u00e1v\u00e1 tak\u00e9 na historick\u00fd n\u00e1stroj tzv. \u201ehammerklavier&#8220;. Sn\u00edmek son\u00e1t Franze Schuberta byl ocen\u011bn pr\u00e9mi\u00ed \u010cesk\u00e9ho hudebn\u00edho fondu jako &#8222;Nahr\u00e1vka roku&#8220;. Je prvn\u00edm \u010desk\u00fdm klav\u00edristou, kter\u00fd kompletn\u011b nahr\u00e1l v\u0161echny Mozartovy klav\u00edrn\u00ed son\u00e1ty. Je nositelem ceny Gustava Mahlera, kterou ud\u011bluje Evropsk\u00e1 unie um\u011bn\u00ed.<\/span><\/strong><\/h6>\n<h6><strong><span style=\"color: #000000;\">Od roku 2008 p\u016fsob\u00ed tak\u00e9 jako pedagog na n\u011bkolika pra\u017esk\u00fdch konzervato\u0159\u00edch a \u0159adu let je \u010dlenem v\u00fdboru mezin\u00e1rodn\u00edho hudebn\u00edho Festivalu Mlad\u00e1 Praha (<a href=\"http:\/\/www.mladapraha.cz\"><span style=\"color: #db2c75;\">www.mladapraha.cz<\/span><\/a>), kter\u00fd se ji\u017e p\u0159es 20 let sna\u017e\u00ed prosazovat, podporovat a seznamovat mlad\u00e9 talentovan\u00e9 hudebn\u00edky z cel\u00e9ho sv\u011bta. <\/span><\/strong><\/h6>\n<\/div>\n[\/vc_column_text][\/vc_column][vc_column width=&#8220;1\/3&#8243;][vc_empty_space height=&#8220;50px&#8220;][vc_single_image image=&#8220;4099&#8243; img_size=&#8220;600 x 700&#8243; alignment=&#8220;center&#8220; style=&#8220;vc_box_outline_circle&#8220; css=&#8220;&#8220;][\/vc_column][\/vc_row]\n<\/div>","protected":false},"excerpt":{"rendered":"<p>[vc_row][vc_column width=&#8220;2\/3&#8243;][vc_column_text css=&#8220;&#8220;] Norbert Heller vystudoval konzervato\u0159 v Ostrav\u011b a n\u00e1sledn\u011b Akademii m\u00fazick\u00fdch um\u011bn\u00ed v Praze. V pr\u016fb\u011bhu studi\u00ed absolvoval \u010detn\u00e1 vystoupen\u00ed, nat\u00e1\u010del pro rozhlas a televizi, \u00fa\u010dastnil se klav\u00edrn\u00edch sout\u011b\u017e\u00ed a zv\u00edt\u011bzil nap\u0159. v Mezin\u00e1rodn\u00ed klav\u00edrn\u00ed sout\u011b\u017ei Ludwiga van&#8230;<\/p>\n","protected":false},"author":2,"featured_media":0,"parent":0,"menu_order":0,"comment_status":"closed","ping_status":"closed","template":"","meta":{"_exactmetrics_skip_tracking":false,"_exactmetrics_sitenote_active":false,"_exactmetrics_sitenote_note":"","_exactmetrics_sitenote_category":0,"footnotes":""},"class_list":["post-4095","page","type-page","status-publish","hentry"],"_links":{"self":[{"href":"https:\/\/papetiatreperenda.cz\/index.php?rest_route=\/wp\/v2\/pages\/4095","targetHints":{"allow":["GET"]}}],"collection":[{"href":"https:\/\/papetiatreperenda.cz\/index.php?rest_route=\/wp\/v2\/pages"}],"about":[{"href":"https:\/\/papetiatreperenda.cz\/index.php?rest_route=\/wp\/v2\/types\/page"}],"author":[{"embeddable":true,"href":"https:\/\/papetiatreperenda.cz\/index.php?rest_route=\/wp\/v2\/users\/2"}],"replies":[{"embeddable":true,"href":"https:\/\/papetiatreperenda.cz\/index.php?rest_route=%2Fwp%2Fv2%2Fcomments&post=4095"}],"version-history":[{"count":14,"href":"https:\/\/papetiatreperenda.cz\/index.php?rest_route=\/wp\/v2\/pages\/4095\/revisions"}],"predecessor-version":[{"id":4120,"href":"https:\/\/papetiatreperenda.cz\/index.php?rest_route=\/wp\/v2\/pages\/4095\/revisions\/4120"}],"wp:attachment":[{"href":"https:\/\/papetiatreperenda.cz\/index.php?rest_route=%2Fwp%2Fv2%2Fmedia&parent=4095"}],"curies":[{"name":"wp","href":"https:\/\/api.w.org\/{rel}","templated":true}]}}