{"id":4375,"date":"2025-04-11T20:46:52","date_gmt":"2025-04-11T18:46:52","guid":{"rendered":"https:\/\/papetiatreperenda.cz\/?page_id=4375"},"modified":"2025-05-04T19:11:16","modified_gmt":"2025-05-04T17:11:16","slug":"recenze","status":"publish","type":"page","link":"https:\/\/papetiatreperenda.cz\/?page_id=4375","title":{"rendered":"Recenze"},"content":{"rendered":"<div class=\"wpb-content-wrapper\">[vc_row][vc_column][vc_column_text css=&#8220;&#8220;]\n<h6 style=\"text-align: left;\"><strong><span style=\"color: #da4972;\">1.5.2025 <\/span><\/strong><strong>Dne\u0161n\u00ed p\u0159edstaven\u00ed pro d\u011bti &#8222;Papeti a Treperenda&#8220; se n\u00e1m moc l\u00edbilo. D\u011bti pozorn\u011b sledovaly, sm\u00e1ly se, tleskaly, byly nad\u0161en\u00e9! Vystoupen\u00ed Treperendy bylo velmi z\u00e1bavn\u00e9, vtipn\u00e9 i pou\u010dn\u00e9. Za kr\u00e1sn\u00fd z\u00e1\u017eitek v p\u0159\u00edjemn\u00e9 a mil\u00e9 atmosf\u00e9\u0159e Parku U T\u0159\u00ed p\u00e1v\u016f moc d\u011bkujeme!\u00a0<\/strong><\/h6>\n<h6><em><strong>Wolfovi, Kutn\u00e1 Hora<\/strong><\/em><\/h6>\n[\/vc_column_text][vc_column_text css=&#8220;&#8220;]\n<h6 style=\"text-align: left;\"><strong><span style=\"color: #da4972;\">22.4.2025<\/span><\/strong><strong> V\u00e1\u017een\u00ed a mil\u00ed, do na\u0161\u00ed mate\u0159sk\u00e9 \u0161kolky zav\u00edtala ji\u017e 2 kr\u00e1t s kr\u00e1sn\u00fdm programem pan\u00ed Veronika Trefn\u00e1. Prvn\u00ed p\u00edsni\u010dkov\u00e9 p\u00e1smo se zab\u00fdvalo zv\u00ed\u0159\u00e1tky, kde \u017eij\u00ed, \u010d\u00edm se \u017eiv\u00ed. Druh\u00e9 p\u00e1smo d\u011bti seznamovalo s lidov\u00fdmi tradicemi a p\u00edsn\u011bmi, kter\u00e9 jsou u\u017e leckdy zapomenut\u00e9. Pan\u00ed Veronika d\u011bti zapojovala, d\u011bti byly nad\u0161en\u00e9. V\u0161em doporu\u010duji objednat si program do \u0161kolek, \u0161kol.<\/strong><\/h6>\n<h6 style=\"text-align: left;\"><em><strong>P<\/strong><strong>avla Mejst\u0159\u00edkov\u00e1, M\u0160 Chocerady<\/strong><\/em><\/h6>\n[\/vc_column_text][vc_column_text css=&#8220;&#8220;]\n<h6 style=\"text-align: left;\"><strong><span style=\"color: #da4972;\">11.4.2025<\/span><\/strong><strong>\u00a0P\u0159edstaven\u00ed bylo pln\u00e9 melodick\u00fdch a vesel\u00fdch p\u00edsni\u010dek o zv\u00ed\u0159\u00e1tk\u00e1ch, \u010dasto i neobvykl\u00fdch \u2013 mandelince, mravene\u010dn\u00edkovi, pras\u00e1tku, hadovi, rybce klaunovi o\u010dkat\u00e9m\u2026 D\u011bti se z\u00e1bavnou formou dozv\u011bd\u011bly spoustu zaj\u00edmavost\u00ed ze sv\u011bta zv\u00ed\u0159at. Kr\u00e1sn\u00e9 byly i kulisy. D\u011btem se p\u0159edstaven\u00ed velice l\u00edbilo a pln\u011b je vt\u00e1hlo do d\u011bje. Je\u0161t\u011b jednou d\u011bkujeme!<\/strong><\/h6>\n<h6><em><strong>M\u0160 Stran\u010dice<\/strong><\/em><\/h6>\n[\/vc_column_text][vc_column_text css=&#8220;&#8220;]\n<h6 style=\"text-align: left;\"><strong><span style=\"color: #da4972;\">31.8.2024<\/span><\/strong><strong>\u00a0Bylo to kr\u00e1sn\u00e9 p\u0159edstaven\u00ed, kter\u00e9 si u\u017eily nejen d\u011bti, ale i j\u00e1. Kr\u00e1sn\u00e9 p\u00edsni\u010dky, ma\u0148\u00e1sci, kulisy a hlavn\u011b jsem ocenila to, \u017ee hravou formou se k d\u011btem dostala spousta informac\u00ed ze sv\u011bta zv\u00ed\u0159at a p\u0159\u00edrody. Jen tak d\u00e1l!<\/strong><\/h6>\n<h6><em><strong>Jana Sekni\u010dkov\u00e1, \u010cer\u010dany<\/strong><\/em><\/h6>\n[\/vc_column_text][\/vc_column][\/vc_row]\n<\/div>","protected":false},"excerpt":{"rendered":"<p>[vc_row][vc_column][vc_column_text css=&#8220;&#8220;] 1.5.2025 Dne\u0161n\u00ed p\u0159edstaven\u00ed pro d\u011bti &#8222;Papeti a Treperenda&#8220; se n\u00e1m moc l\u00edbilo. D\u011bti pozorn\u011b sledovaly, sm\u00e1ly se, tleskaly, byly nad\u0161en\u00e9! Vystoupen\u00ed Treperendy bylo velmi z\u00e1bavn\u00e9, vtipn\u00e9 i pou\u010dn\u00e9. Za kr\u00e1sn\u00fd z\u00e1\u017eitek v p\u0159\u00edjemn\u00e9 a mil\u00e9 atmosf\u00e9\u0159e Parku U&#8230;<\/p>\n","protected":false},"author":2,"featured_media":0,"parent":0,"menu_order":0,"comment_status":"closed","ping_status":"closed","template":"","meta":{"_exactmetrics_skip_tracking":false,"_exactmetrics_sitenote_active":false,"_exactmetrics_sitenote_note":"","_exactmetrics_sitenote_category":0,"footnotes":""},"class_list":["post-4375","page","type-page","status-publish","hentry"],"_links":{"self":[{"href":"https:\/\/papetiatreperenda.cz\/index.php?rest_route=\/wp\/v2\/pages\/4375","targetHints":{"allow":["GET"]}}],"collection":[{"href":"https:\/\/papetiatreperenda.cz\/index.php?rest_route=\/wp\/v2\/pages"}],"about":[{"href":"https:\/\/papetiatreperenda.cz\/index.php?rest_route=\/wp\/v2\/types\/page"}],"author":[{"embeddable":true,"href":"https:\/\/papetiatreperenda.cz\/index.php?rest_route=\/wp\/v2\/users\/2"}],"replies":[{"embeddable":true,"href":"https:\/\/papetiatreperenda.cz\/index.php?rest_route=%2Fwp%2Fv2%2Fcomments&post=4375"}],"version-history":[{"count":14,"href":"https:\/\/papetiatreperenda.cz\/index.php?rest_route=\/wp\/v2\/pages\/4375\/revisions"}],"predecessor-version":[{"id":4404,"href":"https:\/\/papetiatreperenda.cz\/index.php?rest_route=\/wp\/v2\/pages\/4375\/revisions\/4404"}],"wp:attachment":[{"href":"https:\/\/papetiatreperenda.cz\/index.php?rest_route=%2Fwp%2Fv2%2Fmedia&parent=4375"}],"curies":[{"name":"wp","href":"https:\/\/api.w.org\/{rel}","templated":true}]}}